?
-32
In base 9, what is 201 + 8?
210
In base 13, what is 1b - -31?
4c
In base 10, what is -92 - 26?
-118
In base 7, what is -11 + -2330?
-2341
In base 3, what is -101022 + -1?
-101100
In base 6, what is 14 - -2?
20
In base 8, what is -157 + 0?
-157
In base 16, what is 3 - -47d?
480
In base 3, what is 112011 + -101?
111210
In base 3, what is -1 + -211?
-212
In base 9, what is -1330 + 2?
-1327
In base 6, what is 5 + -155?
-150
In base 5, what is 13 - -101?
114
In base 6, what is 0 - -41233?
41233
In base 10, what is -1 - 28?
-29
In base 10, what is 8 - -31?
39
In base 15, what is 607 + 6?
60d
In base 7, what is 2 - 13?
-11
In base 11, what is -14 + -27?
-40
In base 8, what is 0 + 637?
637
In base 9, what is -1487 - -5?
-1482
In base 16, what is 2 - -124?
126
In base 12, what is 1 - -12?
13
In base 2, what is 101 + -10001001?
-10000100
In base 15, what is 2 + -d8?
-d6
In base 12, what is 5 - -8b?
94
In base 5, what is -2 + 132?
130
In base 6, what is 12 - -51?
103
In base 3, what is -210 + -111?
-1021
In base 16, what is -5 + 2c?
27
In base 15, what is -47 - -5?
-42
In base 9, what is 27 + -608?
-571
In base 11, what is -5 + -67?
-71
In base 15, what is -3 + -db?
-de
In base 6, what is 3044 - 15?
3025
In base 7, what is 63253 - -3?
63256
In base 6, what is 100332 + -1?
100331
In base 7, what is -403 + 3?
-400
In base 3, what is 0 + 12021?
12021
In base 6, what is 2 + -35?
-33
In base 12, what is -4b + -b?
-5a
In base 7, what is 31 - -303?
334
In base 15, what is -4 + -8?
-c
In base 4, what is -11100 + 203?
-10231
In base 16, what is -110 + 1?
-10f
In base 11, what is -8 - -94?
87
In base 7, what is 12 + -34?
-22
In base 3, what is -2 - -22?
20
In base 4, what is -2 - 223?
-231
In base 15, what is 0 + -81?
-81
In base 10, what is -3 + 72?
69
In base 14, what is 2 - 11?
-d
In base 13, what is -2 - -18b?
189
In base 10, what is 52 + -4?
48
In base 8, what is 6 - -660?
666
In base 3, what is 1200 - 22002?
-20102
In base 9, what is -105 + 10?
-85
In base 3, what is -1222 - 2?
-2001
In base 8, what is 233 + 12?
245
In base 9, what is -1 + -87?
-88
In base 15, what is -634 - 0?
-634
In base 16, what is 28 - -5?
2d
In base 3, what is 212 + -211?
1
In base 5, what is -1 + -124?
-130
In base 2, what is -10 - -100010?
100000
In base 11, what is -24 - 186?
-1aa
In base 16, what is 11 + -5?
c
In base 11, what is 1 - 973?
-972
In base 4, what is 10 + -11113?
-11103
In base 7, what is -3300 + 5?
-3262
In base 2, what is -1011111 + 1?
-1011110
In base 6, what is 445 + 1?
450
In base 2, what is 101111 - 1001?
100110
In base 14, what is -62 - 4?
-66
In base 10, what is -5 - -146?
141
In base 12, what is 91 - -1?
92
In base 14, what is -12 + -1?
-13
In base 2, what is -11100011 - -11?
-11100000
In base 10, what is -643 + 5?
-638
In base 8, what is -155 + 3?
-152
In base 5, what is -3 + 34?
31
In base 7, what is -1513 + -1?
-1514
In base 11, what is -18 + -24?
-41
In base 10, what is 11 - -34?
45
In base 7, what is -2 - -11332?
11330
In base 4, what is -11 + -2213?
-2230
In base 2, what is 0 - -1011101001?
1011101001
In base 11, what is -693 - 4?
-697
In base 10, what is 4174 - -3?
4177
In base 9, what is -25 - -25?
0
In base 9, what is -5 - -45?
40
In base 15, what is 4 - d6?
-d2
In base 4, what is 3 + 2203?
2212
In base 9, what is -44 - 6?
-51
In base 6, what is -51 - -40?
-11
In base 15, what is 425 + -6?
41e
In base 7, what is -1 + -226?
-230
In base 6, what is -13051 - -3?
-13044
In base 4, what is 1 - 22021?
-22020
In base 6, what is -42 - 5501?
-5543
In base 8, what is 5 + -54?
-47
In base 4, what is -33 - -33?
0
In base 6, what is 2 - 13025?
-13023
In base 13, what is 15bac - 4?
15ba8
In base 15, what is 8 + a77?
a80
In base 10, what is 55 + 103?
158
In base 5, what is -20111 + -10?
-20121
In base 9, what is 4180 + -5?
4174
In base 3, what is -101102100 - -2?
-101102021
In base 14, what is -16 + -1a0?
-1b6
In base 12, what is -2 - -6?
4
In base 9, what is -8 + 202?
183
In base 14, what is c + 107?
115
In base 9, what is -260 + 0?
-260
In base 3, what is -11102110 + 2?
-11102101
In base 16, what is 4 - -a4?
a8
In base 15, what is 2 + 12?
14
In base 5, what is 13113 + 12?
13130
In base 5, what is 4 - 1412?
-1403
In base 14, what is -8 + 0?
-8
In base 6, what is -12 - -14?
2
In base 14, what is -7b - -26?
-55
In base 14, what is 2 + -3?
-1
In base 5, what is -1 - -203020?
203014
In base 11, what is -37 + -5?
-41
In base 11, what is 85 + 1?
86
In base 3, what is 1202 + 0?
1202
In base 10, what is 5 + -388?
-383
In base 2, what is -10110110100011 - 100?
-10110110100111
In base 3, what is -210210 - 0?
-210210
In base 9, what is -35844 + 5?
-35838
In base 16, what is 5 - -ba?
bf
In base 16, what is 0 + -10e?
-10e
In base 4, what is -10 - -111?
101
In base 4, what is -123210 + -1?
-123211
In base 10, what is 0 - -24?
24
In base 7, what is 1256 - 2?
1254
In base 10, what is 6 + -45?
-39
In base 11, what is 13a + -5?
135
In base 10, what is -54 - -1?
-53
In base 9, what is 2 + 722?
724
In base 5, what is 21 + 1000?
1021
In base 2, what is 11 - -1110011111?
1110100010
In base 9, what is 3 + -16?
-13
In base 11, what is -39a + 2?
-398
In base 4, what is -1002 - 11?
-1013
In base 14, what is -24 - 2?
-26
In base 4, what is 10 - 213?
-203
In base 2, what is 110100001010 + -1?
110100001001
In base 4, what is -323120 + -10?
-323130
In base 9, what is -3 + 13?
10
In base 11, what is -5 + 1a40?
1a36
In base 12, what is 2 + -38b?
-389
In base 2, what is 1110 - -1101?
11011
In base 15, what is -4 + -10a?
-10e
In base 6, what is 4234 + 10?
4244
In base 16, what is 19 - -d4?
ed
In base 5, what is -3134 + 3?
-3131
In base 9, what is 37 - 223?
-175
In base 10, what is 4 - -468?
472
In base 16, what is -2 + 188c?
188a
In base 5, what is -2 + -233?
-240
In base 10, what is -5 - 38?
-43
In base 9, what is -32051 + 3?
-32047
In base 7, what is -11 - 502?
-513
In base 8, what is 3430 + 4?
3434
In base 11, what is -45 - 2?
-47
In base 4, what is -11 + 203?
132
In base 7, what is 1443 + 5?
1451
In base 10, what is 137 - -3?
140
In base 15, what is -db4 - -1?
-db3
In base 9, what is 3 - -868?
872
In base 13, what is -58 + 26?
-32
In base 7, what is 1255 - -4?
1262
In base 3, what is -10 - -11021?
11011
In base 4, what is 22 + 22?
110
In base 16, what is -125 - -4?
-121
In base 13, what is -29c - 1?
-2a0
In base 13, what is -4 - ba?
-c1
In base 5, what is -2 + -200?
-202
In base 3, what is 11 + -221?
-210
In base 12, what is 2 - 23b?
-239
In base 4, what is -133 + -2202?
-3001
In base 13, what is 25 + 1?
26
In base 15, what is 0 - 13?
-13
In base 6, what is -5 + -10113?
-10122
In base 2, what is -11 + -111111111001?
-111111111100
In base 9, what is -1162 + -4?
-1166
In base 14, what is 56 - 1?
55
In base 2, what is 10101 - -100?
11001
In base 9, what is 0 + -281?
-281
In base 14, what is 5c9 + -2?
5c7
In base 5, what is -132231 + 4?
-132222
In base 8, what is 0 + 17327?
17327
In base 11, what is -63 + 212?
15a
In base 6, what is 342 + 143?
525
In base 11, what is -144 - -21?
-123
In base 13, what is -3 - 2a?
-30
In base 7, what is -3201 + 1?
-3200
In base 7, what is -34 - -25?
-6
In base 14, what is 3 - 4d1?
-4cc
In base 5, what is 10 + 1?
11
In base 9, what is -212 - 3?
-215
In base 7, what is 5 - -13304?
13312
In base 16, what is -2b8b - -5?
-2b86
In base 15, what is -39 + -181?
-1ba
In base 5, what is -1 + -4412?
-4413
In base 5, what is -113 + -11?
-124
In base 11, what is -2384 + 1?
-2383
In base 15, what is 4 + -bb?
-b7
In base 14, what is -2 - 3a?
-3c
In base 14, what is 15 + -59?
-44
In base 5, what is -1 - 404?
-410
In base 8, what is 16 - -1?
17
In base 4, what is -12 + -102?
-120
In base 15, what is -3 + 62?
5e
In base 12, what is 5 + 4?
9
In base 6, what is -1 + 3?
2
In base 12, what is 4 - 4317?
-4313
In base 8, what is -1 - -52?
51
In base 8, what is -2075 - 6?
-2103
In base 13, what is 7 - -3cb?
405
In base 14, what is 1d3d - -1?
1d40
In base 5, what is 140 - -131?
321
In base 4, what is 10 + 300?
310
In base 13, what is 2 + 24?
26
In base 14, what is -18a4 - -3?
-18a1
In base 14, what is 4366 + 4?
436a
In base 16, what is -2d7 - -2?
-2d5
In base 14, what is -256 + 6?
-250
In base 2, what is 10 + 101000?
101010
In base 10, what is 14 + 2580?
2594
In base 9, what is 168 